ose 3*m + 15 = 0, 2*b + 4*m + 31815 = 7*b. What is the units digit of b?
9
Suppose -3*z - 3 + 21 = 0. Suppose 510 = 5*i - 3*o, z + 19 = -5*o. Suppose 23*h + i = 26*h. What is the units digit of h?
3
Suppose -5*z + 30187 = 3*d, -2*d + 11448 + 8666 = -2*z. What is the units digit of d?
9
Let j(f) = 4*f**2 - 37*f + 1029. What is the thousands digit of j(53)?
0
Let v(r) = -2*r**3 - 45*r**2 + 80*r - 81. What is the tens digit of v(-31)?
7
Let i = 1982 + 6654. What is the units digit of i?
6
Suppose -24*d = -28*d. Suppose d = -11*m + 9*m + 16. Suppose 4*p - m*p = -184. What is the tens digit of p?
4
What is the units digit of 9 + 909/(-99) - -6*160015/55?
6
Suppose 5*o - 314850 = -5*r, -36*r + 39*r - 3*o = 188922. What is the tens digit of r?
7
Let g(r) = r**2 - 3*r + 2. Let u be g(4). Suppose 7892 + 148 = u*f. What is the tens digit of f?
4
Suppose 2*b + 3*p = 81227 + 33282, -2*p + 114518 = 2*b. What is the hundreds digit of b?
2
Let s be (-38)/(-171) + 1037/(-9) + -3. Let o = -79 - s. What is the tens digit of ((-12)/8 - -2)*4 + o?
4
Let z(l) = -41*l**2 + 91*l**2 - 48*l**2 + 20 - 6*l. What is the tens digit of z(10)?
6
Suppose 5*s + 249 = 6*s. Let w = s + 387. What is the units digit of w?
6
Let j = -79 - -81. Suppose -5*d + 3361 + 1379 = 5*g, -1908 = -j*d + 2*g. What is the tens digit of d?
5
Let s = -263 - -268. What is the tens digit of -203*(s - (-7)/(-1))?
0
Let v(y) = 2*y**3 + 5*y**2 + 86*y - 222. What is the tens digit of v(10)?
3
Let c(r) = -21*r + 13. Let z(v) = -2*v - 15. Let l be z(-10). Let m(n) = -32*n + 19. Let o(j) = l*m(j) - 8*c(j). What is the tens digit of o(6)?
3
Suppose -i - 28 = -8*i. Suppose 11 = i*o - 3*b, -4 + 0 = 4*b. Suppose -o*c + 148 = -0. What is the tens digit of c?
7
Let a(j) = j**2 - 107*j - 1436. What is the thousands digit of a(136)?
2
What is the units digit of 30*(-6 + 1162/21)?
0
What is the hundreds digit of (-29 - -23)/(6/(-10744))?
7
Let u = 713 - 710. Suppose 5*k + 3*y - 2504 = 0, -u*y - 1687 - 300 = -4*k. What is the tens digit of k?
9
Suppose 14*w + w = -26190. What is the tens digit of (-19)/(57/w) - (1 + -1)?
8
Let d(p) = 2*p**2 - p + 1. Let u = -40 + 41. Let z be d(u). Suppose -2*x + 12 = -4*k, -x + z*x = 4*k. What is the units digit of x?
2
Suppose -13*r = -10*r - 4*z + 12, 2*z + 4 = -r. Let k(j) = j**2 - 15*j - 23. What is the units digit of k(r)?
3
Suppose 0 = -i - 5 + 2, -2*h - 5*i + 753 = 0. Suppose s - h = 4*j, 0*s - 5*j = 4*s - 1557. What is the hundreds digit of s?
3
Suppose 10*v - 8*v + 84 = 0. Let u = v - -46. Suppose -3*l + u*n = -274, 3*l - 300 = -2*n - 32. What is the tens digit of l?
9
What is the tens digit of (-20)/(-290) - (-2762452)/1276?
6
Suppose d - 3*g + 67 = 6*d, -2*d - 2*g = -30. Let i(f) = f**3 - 3*f**2 - 5*f + 113. What is the tens digit of i(d)?
2
Let p = -698 - -1360. What is the units digit of (p/5)/(48/120)?
1
Let t = 125 - 107. Suppose -3 = -3*p + 9. Suppose -3*d - p*h = -t, 2*h - 5*h = -4*d + 49. What is the units digit of d?
0
What is the thousands digit of ((-114186)/8)/((255/3060)/(2/(-9)))?
8
Let u be 15/(-2)*(-3)/(36/32). Let b(i) = -i**3 + 23*i**2 + 33*i + 7. What is the thousands digit of b(u)?
1
Let t(j) = 5*j - 36. Let s be t(7). Let c be s + (2 - 0) + (-3 - 145). Let q = 1 - c. What is the hundreds digit of q?
1
What is the units digit of 60/48 + (-1)/((-32)/810712)?
6
Let l = 63 + -61. Suppose l*v - y - 12 = 3*y, 4*y = -8. Let h(i) = 15*i**3 - 3*i**2 + 1. What is the units digit of h(v)?
9
Let d be (-48)/4 + (-2)/((-2)/3). Let o be (0 + -32)/(6/d). What is the tens digit of 2 - o*(-4 + 2)?
9
Let s = -46 - -45. Let l be 0/(s/(15/(-6) - -2)). Let m(z) = -z**3 + z**2 - z + 91. What is the units digit of m(l)?
1
Let y be (-21)/14*198/(-4)*12. Suppose 89*d = 98*d - y. What is the units digit of d?
9
Let b = 361 + -356. Suppose 4*s = -3*q + 8*s + 2752, -3*q + 2716 = b*s. What is the tens digit of q?
1
Let y = -230 - -236. What is the hundreds digit of 8/y - 1362/(-27)*6?
3
Let m(j) = -218*j - 1944. What is the thousands digit of m(-39)?
6
Suppose 0 = 5*b - 4*p + 7145, 4*p - 577 + 3407 = -2*b. What is the units digit of 6/5*(b/(-10) - -5)?
7
Let b = 678 + -453. Suppose -9*g = -b - 432. What is the units digit of g?
3
Suppose -2 = -2*c + 6. Suppose -f + 3185 = c*f. What is the tens digit of f?
3
Suppose t - 4*o = -6*o + 13, -12 = -2*o. What is the units digit of t?
1
Let t(r) = -415*r - 517. What is the hundreds digit of t(-10)?
6
Let x(t) = -1123*t + 236. What is the thousands digit of x(-35)?
9
Let l = 2671 - -13396. What is the units digit of l?
7
Suppose 18*o - 76314 = 38966 - 1412. What is the units digit of o?
6
Let r(h) = h**2 - 26*h - 152. Let z be r(31). Suppose 2*t + 1199 = z*t. What is the tens digit of t?
9
Let k(d) = 12*d - 1. Let n be k(-1). What is the units digit of 84/(n - -6)*-2?
4
Let k be (0 - 0)*-3*6/(-36). Suppose -2*d = -4*d + 5*l + 19, k = -2*d - 5*l - 11. What is the units digit of -2*(-1 + d/4)?
1
Suppose -58*b - 1751 = 1265. Let f be (-19)/(1*(-2)/14). Let x = b + f. What is the tens digit of x?
8
Let w = -53 + 108. Let f = 64 - w. What is the units digit of (-5)/((-45)/(-258))*f/(-6)?
3
Let p(l) = 1911*l**2 - 110*l + 639. What is the tens digit of p(5)?
6
Let s be -10 + 17 + (-2 - -1) - 3. Suppose c - 205 = 2*a, -3*c + 8*a = s*a - 613. What is the tens digit of c?
0
Let n be 194 + (-9)/((-18)/(-10)). Suppose -n = 3*s - 582. What is the tens digit of s?
3
What is the units digit of (6/(-8 + 2) + 7)*212?
2
Suppose t = 46*q - 49*q + 26164, q - 8718 = -2*t. What is the units digit of q?
2
Suppose -24294 = -3*a - 5*m, 2*m = 4*a - 27824 - 4516. What is the hundreds digit of a?
0
Suppose -9*r + 12*r = 3*y - 15912, 2*y - 10606 = 3*r. What is the units digit of y?
6
Suppose 0 = 5*j + 7735 - 253694 - 39956. What is the tens digit of j?
8
Suppose -10*r + 67 = 17. Suppose -5*c = 10*b - 6*b - 167, r*c + 134 = 3*b. What is the tens digit of b?
4
Let s(y) = -3*y**3 + y**2 + 5*y - 1. Let b = -137 + 133. What is the units digit of s(b)?
7
Let f(j) be the third derivative of -j**5/60 + 7*j**4/24 + j**3/2 - 16*j**2. Let g be f(-5). Let m = 64 + g. What is the units digit of m?
7
Let v be 2/4*(3 - 4)*-8. Let s(a) = a**2 + a - 4. Let c be s(v). Let q = c + 2. What is the units digit of q?
8
Suppose -204984 = 30*g - 38*g. What is the tens digit of (g/(-81))/(1/(-3))?
4
Suppose 5*y - 11 = 3*z, 13 = 5*y + 5*z - 22. Let f(l) = l**2 - l - 14. Let t be f(y). What is the tens digit of (63/28 - t/(-8)) + 113?
1
Suppose b + b = 2*r - 26, -4*r - b = -67. Suppose d - r = 5*d, -46 = -5*f + 4*d. Suppose 20 = s - h, -5*h + 8 = s - f. What is the units digit of s?
9
Let j be (-2 - 4)*(-905)/(-10). Let c = j - -1375. What is the tens digit of c?
3
Suppose -5*p + 15 = 5*i, -3*i = 2*i - 3*p - 7. Let a be -298 + (-3 + 4/i)*2. What is the tens digit of (10/15)/((-2)/a)?
0
Suppose 63*h - 119224 + 59713 - 118716 = 0. What is the thousands digit of h?
2
Let a(g) = 54*g + 50. Let k be 0 + -4 + 7 + 4. What is the hundreds digit of a(k)?
4
Suppose -20*q - 7466 = 7094. What is the tens digit of (168/2)/((-78)/q)?
8
Suppose 752*l + 4 = 748*l. Let n(z) = -601*z - 23. What is the hundreds digit of n(l)?
5
Let k be (-6)/14 + 3649755/(-497). What is the units digit of (-28)/35 - (k/15)/2?
4
Suppose -y - 432 = -4*y. Let b = y - 75. What is the units digit of b?
9
Suppose -4*w - 20 = 0, -18 = j + 5*w - 0. Let m(y) = -10*y - 33. Let c be m(j). Let u = -27 - c. What is the units digit of u?
6
Let i(m) = -4*m**2 - 2*m - 18. Let p be i(7). Let l = 326 + p. What is the tens digit of l?
9
Let g(t) = -17*t + 278. Let h be g(13). What is the tens digit of (-60561)/(-36) + h/12 + -5?
8
Let v(i) be the third derivative of -11*i**4/8 - 13*i**3/6 + 187*i**2. Let q(c) = -3*c**2 - 4*c - 2. Let d be q(-2). What is the tens digit of v(d)?
8
What is the hundreds digit of ((-114)/10)/((-25)/32750)?
9
Let g = -268 - -265. Let x(v) = 135*v**2 - 10*v + 9. What is the hundreds digit of x(g)?
2
Let h(p) = 2*p**2 + 50. Let d be h(0). Suppose -4*b - 203 = 4*y - 63, b + d = 4*y. Let u = 68 + b. What is the units digit of u?
0
What is the ten thousands digit of 141442/(-2)*-1 - 2119/163?
7
Let r(k) = 6*k**2 - 3*k. Let q be r(-7). Let n(h) = -h**2 + 41*h - 371. Let m be n(14). Suppose -m*t + q = -2*t. What is the ten